{"id":8045,"date":"2025-09-05T00:18:05","date_gmt":"2025-09-05T05:18:05","guid":{"rendered":"https:\/\/tuchance.co\/rifa\/?post_type=product&#038;p=8045"},"modified":"2025-09-09T13:32:29","modified_gmt":"2025-09-09T18:32:29","slug":"sorteo-gratis-20-millones-con-loteria-de-bogota-42","status":"publish","type":"product","link":"https:\/\/tuchance.co\/rifa\/product\/sorteo-gratis-20-millones-con-loteria-de-bogota-42\/","title":{"rendered":"Sorteo Gratuito Promocional de 20 Millones (11-09-2025)"},"content":{"rendered":"<div class=\"flex-shrink-0 flex flex-col relative items-end\">\n<div>\n<div class=\"pt-0\">\n<div class=\"gizmo-bot-avatar flex h-8 w-8 items-center justify-center overflow-hidden rounded-full\">\n<div class=\"relative p-1 rounded-sm flex items-center justify-center bg-token-main-surface-primary text-token-text-primary h-8 w-8\"><\/div>\n<\/div>\n<\/div>\n<\/div>\n<\/div>\n<div class=\"group\/conversation-turn relative flex w-full min-w-0 flex-col agent-turn\">\n<div class=\"flex-col gap-1 md:gap-3\">\n<div class=\"flex max-w-full flex-col flex-grow\">\n<div class=\"min-h-8 text-message flex w-full flex-col items-end gap-2 whitespace-normal break-words [.text-message+&amp;]:mt-5\" dir=\"auto\" data-message-author-role=\"assistant\" data-message-id=\"f28c8447-d90e-45ae-ae4e-8027ff2d8908\" data-message-model-slug=\"gpt-4o-canmore\">\n<div class=\"flex w-full flex-col gap-1 empty:hidden first:pt-[3px]\">\n<div class=\"markdown prose w-full break-words dark:prose-invert light\">\n<p>\u00a1<strong>Sorteo de $20 Millones con la Loter\u00eda de Bogot\u00e1!<\/strong> \ud83c\udf89\ud83d\udcb8<\/p>\n<p>\u00bfEst\u00e1s listo para ganar 20 millones de pesos sin gastar un solo peso? En <strong>tuchance.co<\/strong> queremos premiar a nuestra comunidad con un sorteo totalmente gratuito cada semana.<\/p>\n<p><strong>\u00bfC\u00f3mo participar?<\/strong><\/p>\n<ul>\n<li>Solo debes estar registrado en <strong>tuchance.co<\/strong> y seleccionar un numero de <strong>6 digitos<\/strong><\/li>\n<li>Este sorteo jugar\u00e1 todos lo jueves con el premio mayor de la Loter\u00eda de Bogot\u00e1 de la siguiente forma: los\u00a0 <strong>4 n\u00fameros del ganador<\/strong>\u00a0y los <strong>2 \u00faltimos de la serie<\/strong>\u00a0.<\/li>\n<li><strong>\u00a1Juega todos los jueves!<\/strong> Tu n\u00famero puede ser el afortunado en llevarse los 20 millones.<\/li>\n<\/ul>\n<p><strong>Condiciones:<\/strong><\/p>\n<ul>\n<li>Solo se permite un boleto por usuario registrado. \ud83e\udd1a<\/li>\n<li>Puedes adquirir tu boleto gratuitamente todas las semanas mientras este vigente la promoci\u00f3n.<\/li>\n<li><strong>Solo el titular registrado<\/strong>\u00a0podr\u00e1 reclamar el premio.<\/li>\n<li><strong>Cualquier intento de fraude<\/strong> para obtener m\u00e1s boletos ser\u00e1 detectado y podr\u00eda resultar en la descalificaci\u00f3n del sorteo.<\/li>\n<\/ul>\n<p><strong>\u00bfPor qu\u00e9 participar?<\/strong> Porque no tienes nada que perder y \u00a1puedes ganar much\u00edsimo! Este es nuestro regalo para quienes se han unido a <strong>tuchance.co<\/strong> y queremos que la suerte est\u00e9 de tu lado. \ud83e\udd73<\/p>\n<p><strong>\u00a1No esperes m\u00e1s!<\/strong> Reg\u00edstrate hoy en <strong>tuchance.co<\/strong>, participa en el sorteo y podr\u00edas ser nuestro pr\u00f3ximo gran ganador de <strong>20 millones de pesos<\/strong>. \u2728\ud83d\udcb0<\/p>\n<\/div>\n<\/div>\n<\/div>\n<\/div>\n<\/div>\n<\/div>\n","protected":false},"excerpt":{"rendered":"<p>\u00a1Sorteo de $20 Millones con la Loter\u00eda de Bogot\u00e1! \ud83c\udf89\ud83d\udcb8 \u00bfEst\u00e1s listo para ganar 20 millones de pesos sin gastar [&hellip;]<\/p>\n","protected":false},"featured_media":220,"template":"","meta":{"site-sidebar-layout":"default","site-content-layout":"","ast-site-content-layout":"default","site-content-style":"default","site-sidebar-style":"default","ast-global-header-display":"","ast-banner-title-visibility":"","ast-main-header-display":"","ast-hfb-above-header-display":"","ast-hfb-below-header-display":"","ast-hfb-mobile-header-display":"","site-post-title":"","ast-breadcrumbs-content":"","ast-featured-img":"","footer-sml-layout":"","ast-disable-related-posts":"","theme-transparent-header-meta":"default","adv-header-id-meta":"","stick-header-meta":"","header-above-stick-meta":"","header-main-stick-meta":"","header-below-stick-meta":"","astra-migrate-meta-layouts":"set","ast-page-background-enabled":"default","ast-page-background-meta":{"desktop":{"background-color":"var(--ast-global-color-4)","background-image":"","background-repeat":"repeat","background-position":"center center","background-size":"auto","background-attachment":"scroll","background-type":"","background-media":"","overlay-type":"","overlay-color":"","overlay-opacity":"","overlay-gradient":""},"tablet":{"background-color":"","background-image":"","background-repeat":"repeat","background-position":"center center","background-size":"auto","background-attachment":"scroll","background-type":"","background-media":"","overlay-type":"","overlay-color":"","overlay-opacity":"","overlay-gradient":""},"mobile":{"background-color":"","background-image":"","background-repeat":"repeat","background-position":"center center","background-size":"auto","background-attachment":"scroll","background-type":"","background-media":"","overlay-type":"","overlay-color":"","overlay-opacity":"","overlay-gradient":""}},"ast-content-background-meta":{"desktop":{"background-color":"var(--ast-global-color-5)","background-image":"","background-repeat":"repeat","background-position":"center center","background-size":"auto","background-attachment":"scroll","background-type":"","background-media":"","overlay-type":"","overlay-color":"","overlay-opacity":"","overlay-gradient":""},"tablet":{"background-color":"var(--ast-global-color-5)","background-image":"","background-repeat":"repeat","background-position":"center center","background-size":"auto","background-attachment":"scroll","background-type":"","background-media":"","overlay-type":"","overlay-color":"","overlay-opacity":"","overlay-gradient":""},"mobile":{"background-color":"var(--ast-global-color-5)","background-image":"","background-repeat":"repeat","background-position":"center center","background-size":"auto","background-attachment":"scroll","background-type":"","background-media":"","overlay-type":"","overlay-color":"","overlay-opacity":"","overlay-gradient":""}}},"product_brand":[],"product_cat":[24,23],"product_tag":[],"class_list":{"0":"post-8045","1":"product","2":"type-product","3":"status-publish","4":"has-post-thumbnail","6":"product_cat-promos","7":"product_cat-sorteos","8":"desktop-align-left","9":"tablet-align-left","10":"mobile-align-left","12":"first","13":"instock","14":"virtual","15":"purchasable","16":"product-type-lottery"},"acf":[],"yoast_head":"<!-- This site is optimized with the Yoast SEO Premium plugin v24.2 (Yoast SEO v27.6) - https:\/\/yoast.com\/product\/yoast-seo-premium-wordpress\/ -->\n<title>Sorteo Gratuito Promocional de 20 Millones (11-09-2025) - TuChance.co<\/title>\n<meta name=\"description\" content=\"\u00a1Sorteo Gratuito de $20 Millones con la Loter\u00eda de Bogot\u00e1! \ud83c\udf89\ud83d\udcb8\u00bfEst\u00e1s listo para ganar 20 millones de pesos sin gastar un solo peso? En tuchance.co queremos premiar a nuestra comunidad con un sorteo totalmente gratuito cada semana.\" \/>\n<meta name=\"robots\" content=\"index, follow, max-snippet:-1, max-image-preview:large, max-video-preview:-1\" \/>\n<link rel=\"canonical\" href=\"https:\/\/tuchance.co\/rifa\/product\/sorteo-gratis-20-millones-con-loteria-de-bogota-42\/\" \/>\n<meta property=\"og:locale\" content=\"es_ES\" \/>\n<meta property=\"og:type\" content=\"article\" \/>\n<meta property=\"og:title\" content=\"Sorteo Gratuito Promocional de 20 Millones (11-09-2025)\" \/>\n<meta property=\"og:description\" content=\"\u00a1Sorteo Gratuito de $20 Millones con la Loter\u00eda de Bogot\u00e1! \ud83c\udf89\ud83d\udcb8\u00bfEst\u00e1s listo para ganar 20 millones de pesos sin gastar un solo peso? En tuchance.co queremos premiar a nuestra comunidad con un sorteo totalmente gratuito cada semana.\" \/>\n<meta property=\"og:url\" content=\"https:\/\/tuchance.co\/rifa\/product\/sorteo-gratis-20-millones-con-loteria-de-bogota-42\/\" \/>\n<meta property=\"og:site_name\" content=\"TuChance.co\" \/>\n<meta property=\"article:modified_time\" content=\"2025-09-09T18:32:29+00:00\" \/>\n<meta property=\"og:image\" content=\"https:\/\/tuchance.co\/rifa\/wp-content\/uploads\/2024\/10\/lotbogota-jueves.jpg\" \/>\n\t<meta property=\"og:image:width\" content=\"500\" \/>\n\t<meta property=\"og:image:height\" content=\"500\" \/>\n\t<meta property=\"og:image:type\" content=\"image\/jpeg\" \/>\n<meta name=\"twitter:card\" content=\"summary_large_image\" \/>\n<meta name=\"twitter:label1\" content=\"Tiempo de lectura\" \/>\n\t<meta name=\"twitter:data1\" content=\"2 minutos\" \/>\n<script type=\"application\/ld+json\" class=\"yoast-schema-graph\">{\"@context\":\"https:\\\/\\\/schema.org\",\"@graph\":[{\"@type\":\"WebPage\",\"@id\":\"https:\\\/\\\/tuchance.co\\\/rifa\\\/product\\\/sorteo-gratis-20-millones-con-loteria-de-bogota-42\\\/\",\"url\":\"https:\\\/\\\/tuchance.co\\\/rifa\\\/product\\\/sorteo-gratis-20-millones-con-loteria-de-bogota-42\\\/\",\"name\":\"Sorteo Gratuito Promocional de 20 Millones (11-09-2025) - TuChance.co\",\"isPartOf\":{\"@id\":\"https:\\\/\\\/tuchance.co\\\/rifa\\\/#website\"},\"primaryImageOfPage\":{\"@id\":\"https:\\\/\\\/tuchance.co\\\/rifa\\\/product\\\/sorteo-gratis-20-millones-con-loteria-de-bogota-42\\\/#primaryimage\"},\"image\":{\"@id\":\"https:\\\/\\\/tuchance.co\\\/rifa\\\/product\\\/sorteo-gratis-20-millones-con-loteria-de-bogota-42\\\/#primaryimage\"},\"thumbnailUrl\":\"https:\\\/\\\/tuchance.co\\\/rifa\\\/wp-content\\\/uploads\\\/2024\\\/10\\\/lotbogota-jueves.jpg\",\"datePublished\":\"2025-09-05T05:18:05+00:00\",\"dateModified\":\"2025-09-09T18:32:29+00:00\",\"description\":\"\u00a1Sorteo Gratuito de $20 Millones con la Loter\u00eda de Bogot\u00e1! \ud83c\udf89\ud83d\udcb8\u00bfEst\u00e1s listo para ganar 20 millones de pesos sin gastar un solo peso? En tuchance.co queremos premiar a nuestra comunidad con un sorteo totalmente gratuito cada semana.\",\"breadcrumb\":{\"@id\":\"https:\\\/\\\/tuchance.co\\\/rifa\\\/product\\\/sorteo-gratis-20-millones-con-loteria-de-bogota-42\\\/#breadcrumb\"},\"inLanguage\":\"es-CO\",\"potentialAction\":[{\"@type\":\"ReadAction\",\"target\":[\"https:\\\/\\\/tuchance.co\\\/rifa\\\/product\\\/sorteo-gratis-20-millones-con-loteria-de-bogota-42\\\/\"]}]},{\"@type\":\"ImageObject\",\"inLanguage\":\"es-CO\",\"@id\":\"https:\\\/\\\/tuchance.co\\\/rifa\\\/product\\\/sorteo-gratis-20-millones-con-loteria-de-bogota-42\\\/#primaryimage\",\"url\":\"https:\\\/\\\/tuchance.co\\\/rifa\\\/wp-content\\\/uploads\\\/2024\\\/10\\\/lotbogota-jueves.jpg\",\"contentUrl\":\"https:\\\/\\\/tuchance.co\\\/rifa\\\/wp-content\\\/uploads\\\/2024\\\/10\\\/lotbogota-jueves.jpg\",\"width\":500,\"height\":500},{\"@type\":\"BreadcrumbList\",\"@id\":\"https:\\\/\\\/tuchance.co\\\/rifa\\\/product\\\/sorteo-gratis-20-millones-con-loteria-de-bogota-42\\\/#breadcrumb\",\"itemListElement\":[{\"@type\":\"ListItem\",\"position\":1,\"name\":\"Home\",\"item\":\"https:\\\/\\\/tuchance.co\\\/rifa\\\/\"},{\"@type\":\"ListItem\",\"position\":2,\"name\":\"Sorteos\",\"item\":\"https:\\\/\\\/tuchance.co\\\/rifa\\\/\"},{\"@type\":\"ListItem\",\"position\":3,\"name\":\"Sorteo Gratuito Promocional de 20 Millones (11-09-2025)\"}]},{\"@type\":\"WebSite\",\"@id\":\"https:\\\/\\\/tuchance.co\\\/rifa\\\/#website\",\"url\":\"https:\\\/\\\/tuchance.co\\\/rifa\\\/\",\"name\":\"TuChance.co\",\"description\":\"Vendemos tiquetes para cumplir tus sue\u00f1os\",\"publisher\":{\"@id\":\"https:\\\/\\\/tuchance.co\\\/rifa\\\/#organization\"},\"potentialAction\":[{\"@type\":\"SearchAction\",\"target\":{\"@type\":\"EntryPoint\",\"urlTemplate\":\"https:\\\/\\\/tuchance.co\\\/rifa\\\/?s={search_term_string}\"},\"query-input\":{\"@type\":\"PropertyValueSpecification\",\"valueRequired\":true,\"valueName\":\"search_term_string\"}}],\"inLanguage\":\"es-CO\"},{\"@type\":\"Organization\",\"@id\":\"https:\\\/\\\/tuchance.co\\\/rifa\\\/#organization\",\"name\":\"TuChance.co\",\"url\":\"https:\\\/\\\/tuchance.co\\\/rifa\\\/\",\"logo\":{\"@type\":\"ImageObject\",\"inLanguage\":\"es-CO\",\"@id\":\"https:\\\/\\\/tuchance.co\\\/rifa\\\/#\\\/schema\\\/logo\\\/image\\\/\",\"url\":\"https:\\\/\\\/tuchance.co\\\/rifa\\\/wp-content\\\/uploads\\\/2024\\\/11\\\/cropped-logotuchance.png\",\"contentUrl\":\"https:\\\/\\\/tuchance.co\\\/rifa\\\/wp-content\\\/uploads\\\/2024\\\/11\\\/cropped-logotuchance.png\",\"width\":329,\"height\":107,\"caption\":\"TuChance.co\"},\"image\":{\"@id\":\"https:\\\/\\\/tuchance.co\\\/rifa\\\/#\\\/schema\\\/logo\\\/image\\\/\"},\"publishingPrinciples\":\"https:\\\/\\\/tuchance.co\\\/rifa\\\/privacy-policy\\\/\",\"ownershipFundingInfo\":\"https:\\\/\\\/tuchance.co\\\/rifa\\\/faq\\\/\",\"actionableFeedbackPolicy\":\"https:\\\/\\\/tuchance.co\\\/rifa\\\/privacy-policy\\\/\",\"ethicsPolicy\":\"https:\\\/\\\/tuchance.co\\\/rifa\\\/privacy-policy\\\/\"}]}<\/script>\n<!-- \/ Yoast SEO Premium plugin. -->","yoast_head_json":{"title":"Sorteo Gratuito Promocional de 20 Millones (11-09-2025) - TuChance.co","description":"\u00a1Sorteo Gratuito de $20 Millones con la Loter\u00eda de Bogot\u00e1! \ud83c\udf89\ud83d\udcb8\u00bfEst\u00e1s listo para ganar 20 millones de pesos sin gastar un solo peso? En tuchance.co queremos premiar a nuestra comunidad con un sorteo totalmente gratuito cada semana.","robots":{"index":"index","follow":"follow","max-snippet":"max-snippet:-1","max-image-preview":"max-image-preview:large","max-video-preview":"max-video-preview:-1"},"canonical":"https:\/\/tuchance.co\/rifa\/product\/sorteo-gratis-20-millones-con-loteria-de-bogota-42\/","og_locale":"es_ES","og_type":"article","og_title":"Sorteo Gratuito Promocional de 20 Millones (11-09-2025)","og_description":"\u00a1Sorteo Gratuito de $20 Millones con la Loter\u00eda de Bogot\u00e1! \ud83c\udf89\ud83d\udcb8\u00bfEst\u00e1s listo para ganar 20 millones de pesos sin gastar un solo peso? En tuchance.co queremos premiar a nuestra comunidad con un sorteo totalmente gratuito cada semana.","og_url":"https:\/\/tuchance.co\/rifa\/product\/sorteo-gratis-20-millones-con-loteria-de-bogota-42\/","og_site_name":"TuChance.co","article_modified_time":"2025-09-09T18:32:29+00:00","og_image":[{"width":500,"height":500,"url":"https:\/\/tuchance.co\/rifa\/wp-content\/uploads\/2024\/10\/lotbogota-jueves.jpg","type":"image\/jpeg"}],"twitter_card":"summary_large_image","twitter_misc":{"Tiempo de lectura":"2 minutos"},"schema":{"@context":"https:\/\/schema.org","@graph":[{"@type":"WebPage","@id":"https:\/\/tuchance.co\/rifa\/product\/sorteo-gratis-20-millones-con-loteria-de-bogota-42\/","url":"https:\/\/tuchance.co\/rifa\/product\/sorteo-gratis-20-millones-con-loteria-de-bogota-42\/","name":"Sorteo Gratuito Promocional de 20 Millones (11-09-2025) - TuChance.co","isPartOf":{"@id":"https:\/\/tuchance.co\/rifa\/#website"},"primaryImageOfPage":{"@id":"https:\/\/tuchance.co\/rifa\/product\/sorteo-gratis-20-millones-con-loteria-de-bogota-42\/#primaryimage"},"image":{"@id":"https:\/\/tuchance.co\/rifa\/product\/sorteo-gratis-20-millones-con-loteria-de-bogota-42\/#primaryimage"},"thumbnailUrl":"https:\/\/tuchance.co\/rifa\/wp-content\/uploads\/2024\/10\/lotbogota-jueves.jpg","datePublished":"2025-09-05T05:18:05+00:00","dateModified":"2025-09-09T18:32:29+00:00","description":"\u00a1Sorteo Gratuito de $20 Millones con la Loter\u00eda de Bogot\u00e1! \ud83c\udf89\ud83d\udcb8\u00bfEst\u00e1s listo para ganar 20 millones de pesos sin gastar un solo peso? En tuchance.co queremos premiar a nuestra comunidad con un sorteo totalmente gratuito cada semana.","breadcrumb":{"@id":"https:\/\/tuchance.co\/rifa\/product\/sorteo-gratis-20-millones-con-loteria-de-bogota-42\/#breadcrumb"},"inLanguage":"es-CO","potentialAction":[{"@type":"ReadAction","target":["https:\/\/tuchance.co\/rifa\/product\/sorteo-gratis-20-millones-con-loteria-de-bogota-42\/"]}]},{"@type":"ImageObject","inLanguage":"es-CO","@id":"https:\/\/tuchance.co\/rifa\/product\/sorteo-gratis-20-millones-con-loteria-de-bogota-42\/#primaryimage","url":"https:\/\/tuchance.co\/rifa\/wp-content\/uploads\/2024\/10\/lotbogota-jueves.jpg","contentUrl":"https:\/\/tuchance.co\/rifa\/wp-content\/uploads\/2024\/10\/lotbogota-jueves.jpg","width":500,"height":500},{"@type":"BreadcrumbList","@id":"https:\/\/tuchance.co\/rifa\/product\/sorteo-gratis-20-millones-con-loteria-de-bogota-42\/#breadcrumb","itemListElement":[{"@type":"ListItem","position":1,"name":"Home","item":"https:\/\/tuchance.co\/rifa\/"},{"@type":"ListItem","position":2,"name":"Sorteos","item":"https:\/\/tuchance.co\/rifa\/"},{"@type":"ListItem","position":3,"name":"Sorteo Gratuito Promocional de 20 Millones (11-09-2025)"}]},{"@type":"WebSite","@id":"https:\/\/tuchance.co\/rifa\/#website","url":"https:\/\/tuchance.co\/rifa\/","name":"TuChance.co","description":"Vendemos tiquetes para cumplir tus sue\u00f1os","publisher":{"@id":"https:\/\/tuchance.co\/rifa\/#organization"},"potentialAction":[{"@type":"SearchAction","target":{"@type":"EntryPoint","urlTemplate":"https:\/\/tuchance.co\/rifa\/?s={search_term_string}"},"query-input":{"@type":"PropertyValueSpecification","valueRequired":true,"valueName":"search_term_string"}}],"inLanguage":"es-CO"},{"@type":"Organization","@id":"https:\/\/tuchance.co\/rifa\/#organization","name":"TuChance.co","url":"https:\/\/tuchance.co\/rifa\/","logo":{"@type":"ImageObject","inLanguage":"es-CO","@id":"https:\/\/tuchance.co\/rifa\/#\/schema\/logo\/image\/","url":"https:\/\/tuchance.co\/rifa\/wp-content\/uploads\/2024\/11\/cropped-logotuchance.png","contentUrl":"https:\/\/tuchance.co\/rifa\/wp-content\/uploads\/2024\/11\/cropped-logotuchance.png","width":329,"height":107,"caption":"TuChance.co"},"image":{"@id":"https:\/\/tuchance.co\/rifa\/#\/schema\/logo\/image\/"},"publishingPrinciples":"https:\/\/tuchance.co\/rifa\/privacy-policy\/","ownershipFundingInfo":"https:\/\/tuchance.co\/rifa\/faq\/","actionableFeedbackPolicy":"https:\/\/tuchance.co\/rifa\/privacy-policy\/","ethicsPolicy":"https:\/\/tuchance.co\/rifa\/privacy-policy\/"}]}},"_links":{"self":[{"href":"https:\/\/tuchance.co\/rifa\/wp-json\/wp\/v2\/product\/8045","targetHints":{"allow":["GET"]}}],"collection":[{"href":"https:\/\/tuchance.co\/rifa\/wp-json\/wp\/v2\/product"}],"about":[{"href":"https:\/\/tuchance.co\/rifa\/wp-json\/wp\/v2\/types\/product"}],"wp:featuredmedia":[{"embeddable":true,"href":"https:\/\/tuchance.co\/rifa\/wp-json\/wp\/v2\/media\/220"}],"wp:attachment":[{"href":"https:\/\/tuchance.co\/rifa\/wp-json\/wp\/v2\/media?parent=8045"}],"wp:term":[{"taxonomy":"product_brand","embeddable":true,"href":"https:\/\/tuchance.co\/rifa\/wp-json\/wp\/v2\/product_brand?post=8045"},{"taxonomy":"product_cat","embeddable":true,"href":"https:\/\/tuchance.co\/rifa\/wp-json\/wp\/v2\/product_cat?post=8045"},{"taxonomy":"product_tag","embeddable":true,"href":"https:\/\/tuchance.co\/rifa\/wp-json\/wp\/v2\/product_tag?post=8045"}],"curies":[{"name":"wp","href":"https:\/\/api.w.org\/{rel}","templated":true}]}}