{"id":437,"date":"2024-11-08T18:12:02","date_gmt":"2024-11-08T23:12:02","guid":{"rendered":"https:\/\/tuchance.co\/rifa\/?page_id=437"},"modified":"2024-11-16T07:35:37","modified_gmt":"2024-11-16T12:35:37","slug":"faq","status":"publish","type":"page","link":"https:\/\/tuchance.co\/rifa\/faq\/","title":{"rendered":"Preguntas Frecuentes"},"content":{"rendered":"\n<p><strong>Preguntas Frecuentes sobre TuChance.co<\/strong><\/p>\n\n\n\n<p><strong>\u00bfCon cu\u00e1les loter\u00edas se juega en los sorteos?<\/strong><br>Siempre utilizamos las 14 loter\u00edas principales del pa\u00eds para nuestros sorteos. Esto asegura que tengamos resultados confiables y reconocidos, dando a los jugadores m\u00e1s oportunidades de ganar.<\/p>\n\n\n\n<p><strong>\u00bfCu\u00e1ndo se realizan los sorteos?<\/strong><br>Los sorteos se realizan todos los d\u00edas, lo que significa que tienes una oportunidad diaria de participar y ganar.<\/p>\n\n\n\n<p><strong>\u00bfQu\u00e9 recibo despu\u00e9s de hacer una compra?<\/strong><br>Tras realizar una compra, recibir\u00e1s un correo electr\u00f3nico con el soporte de tu compra. Este soporte ser\u00e1 verificado en el momento de hacer cualquier pago de premios.<\/p>\n\n\n\n<p><strong>\u00bfC\u00f3mo puedo cobrar un premio si gano?<\/strong><br>Para cobrar un tiquete ganador, debes reenviar el correo que recibiste tras la compra a la direcci\u00f3n <strong>caja@tuchance.co<\/strong>. En el correo deber\u00e1s adjuntar un certificado de la cuenta bancaria a donde deseas que se consigne el dinero, as\u00ed como tambi\u00e9n un n\u00famero telef\u00f3nico de contacto. Luego, te contactaremos para finalizar la transacci\u00f3n.<\/p>\n\n\n\n<p><strong>\u00bfLos premios tienen alg\u00fan descuento o reporte fiscal?<\/strong><br>No, los premios se pagan completos tal como se indica en la publicidad. No descontamos ning\u00fan tipo de impuesto ni hacemos reportes fiscales de los premios entregados.<\/p>\n\n\n\n<p><strong>\u00bfQui\u00e9nes somos?<\/strong><br>Somos un emprendimiento creado para suplir la necesidad de comprar rifas basadas en las loter\u00edas m\u00e1s populares, pero sin n\u00fameros de serie. Esto nos permite ofrecer mejores oportunidades de ganar, sin las limitaciones que suelen tener las rifas tradicionales.<\/p>\n\n\n\n<p><strong>\u00bfQu\u00e9 tipo de premios ofrecen?<\/strong><br>Actualmente, solo ofrecemos premios de valores fijos, ya que es lo que tenemos capacidad de pagar en caso de haber ganadores. En un futuro, planeamos ofrecer sorteos de mayor monto o incluso implementar sorteos con precio abierto, similar a la mec\u00e1nica del chance.<\/p>\n","protected":false},"excerpt":{"rendered":"<p>Preguntas Frecuentes sobre TuChance.co \u00bfCon cu\u00e1les loter\u00edas se juega en los sorteos?Siempre utilizamos las 14 loter\u00edas principales del pa\u00eds para [&hellip;]<\/p>\n","protected":false},"author":1,"featured_media":0,"parent":0,"menu_order":0,"comment_status":"closed","ping_status":"closed","template":"","meta":{"site-sidebar-layout":"default","site-content-layout":"","ast-site-content-layout":"default","site-content-style":"default","site-sidebar-style":"default","ast-global-header-display":"","ast-banner-title-visibility":"","ast-main-header-display":"","ast-hfb-above-header-display":"","ast-hfb-below-header-display":"","ast-hfb-mobile-header-display":"","site-post-title":"","ast-breadcrumbs-content":"","ast-featured-img":"","footer-sml-layout":"","ast-disable-related-posts":"","theme-transparent-header-meta":"","adv-header-id-meta":"","stick-header-meta":"","header-above-stick-meta":"","header-main-stick-meta":"","header-below-stick-meta":"","astra-migrate-meta-layouts":"default","ast-page-background-enabled":"default","ast-page-background-meta":{"desktop":{"background-color":"var(--ast-global-color-4)","background-image":"","background-repeat":"repeat","background-position":"center center","background-size":"auto","background-attachment":"scroll","background-type":"","background-media":"","overlay-type":"","overlay-color":"","overlay-opacity":"","overlay-gradient":""},"tablet":{"background-color":"","background-image":"","background-repeat":"repeat","background-position":"center center","background-size":"auto","background-attachment":"scroll","background-type":"","background-media":"","overlay-type":"","overlay-color":"","overlay-opacity":"","overlay-gradient":""},"mobile":{"background-color":"","background-image":"","background-repeat":"repeat","background-position":"center center","background-size":"auto","background-attachment":"scroll","background-type":"","background-media":"","overlay-type":"","overlay-color":"","overlay-opacity":"","overlay-gradient":""}},"ast-content-background-meta":{"desktop":{"background-color":"var(--ast-global-color-5)","background-image":"","background-repeat":"repeat","background-position":"center center","background-size":"auto","background-attachment":"scroll","background-type":"","background-media":"","overlay-type":"","overlay-color":"","overlay-opacity":"","overlay-gradient":""},"tablet":{"background-color":"var(--ast-global-color-5)","background-image":"","background-repeat":"repeat","background-position":"center center","background-size":"auto","background-attachment":"scroll","background-type":"","background-media":"","overlay-type":"","overlay-color":"","overlay-opacity":"","overlay-gradient":""},"mobile":{"background-color":"var(--ast-global-color-5)","background-image":"","background-repeat":"repeat","background-position":"center center","background-size":"auto","background-attachment":"scroll","background-type":"","background-media":"","overlay-type":"","overlay-color":"","overlay-opacity":"","overlay-gradient":""}},"footnotes":""},"class_list":["post-437","page","type-page","status-publish","hentry"],"acf":[],"yoast_head":"<!-- This site is optimized with the Yoast SEO Premium plugin v24.2 (Yoast SEO v27.6) - https:\/\/yoast.com\/product\/yoast-seo-premium-wordpress\/ -->\n<title>Preguntas Frecuentes - TuChance.co<\/title>\n<meta name=\"robots\" content=\"index, follow, max-snippet:-1, max-image-preview:large, max-video-preview:-1\" \/>\n<link rel=\"canonical\" href=\"https:\/\/tuchance.co\/rifa\/faq\/\" \/>\n<meta property=\"og:locale\" content=\"es_ES\" \/>\n<meta property=\"og:type\" content=\"article\" \/>\n<meta property=\"og:title\" content=\"Preguntas Frecuentes\" \/>\n<meta property=\"og:description\" content=\"Preguntas Frecuentes sobre TuChance.co \u00bfCon cu\u00e1les loter\u00edas se juega en los sorteos?Siempre utilizamos las 14 loter\u00edas principales del pa\u00eds para [&hellip;]\" \/>\n<meta property=\"og:url\" content=\"https:\/\/tuchance.co\/rifa\/faq\/\" \/>\n<meta property=\"og:site_name\" content=\"TuChance.co\" \/>\n<meta property=\"article:modified_time\" content=\"2024-11-16T12:35:37+00:00\" \/>\n<meta property=\"og:image\" content=\"https:\/\/tuchance.co\/rifa\/wp-content\/uploads\/2024\/11\/cropped-icontuchance2.png\" \/>\n\t<meta property=\"og:image:width\" content=\"512\" \/>\n\t<meta property=\"og:image:height\" content=\"512\" \/>\n\t<meta property=\"og:image:type\" content=\"image\/png\" \/>\n<meta name=\"twitter:card\" content=\"summary_large_image\" \/>\n<meta name=\"twitter:label1\" content=\"Tiempo de lectura\" \/>\n\t<meta name=\"twitter:data1\" content=\"2 minutos\" \/>\n<script type=\"application\/ld+json\" class=\"yoast-schema-graph\">{\"@context\":\"https:\\\/\\\/schema.org\",\"@graph\":[{\"@type\":\"WebPage\",\"@id\":\"https:\\\/\\\/tuchance.co\\\/rifa\\\/faq\\\/\",\"url\":\"https:\\\/\\\/tuchance.co\\\/rifa\\\/faq\\\/\",\"name\":\"Preguntas Frecuentes - TuChance.co\",\"isPartOf\":{\"@id\":\"https:\\\/\\\/tuchance.co\\\/rifa\\\/#website\"},\"datePublished\":\"2024-11-08T23:12:02+00:00\",\"dateModified\":\"2024-11-16T12:35:37+00:00\",\"breadcrumb\":{\"@id\":\"https:\\\/\\\/tuchance.co\\\/rifa\\\/faq\\\/#breadcrumb\"},\"inLanguage\":\"es-CO\",\"potentialAction\":[{\"@type\":\"ReadAction\",\"target\":[\"https:\\\/\\\/tuchance.co\\\/rifa\\\/faq\\\/\"]}]},{\"@type\":\"BreadcrumbList\",\"@id\":\"https:\\\/\\\/tuchance.co\\\/rifa\\\/faq\\\/#breadcrumb\",\"itemListElement\":[{\"@type\":\"ListItem\",\"position\":1,\"name\":\"Home\",\"item\":\"https:\\\/\\\/tuchance.co\\\/rifa\\\/\"},{\"@type\":\"ListItem\",\"position\":2,\"name\":\"Preguntas Frecuentes\"}]},{\"@type\":\"WebSite\",\"@id\":\"https:\\\/\\\/tuchance.co\\\/rifa\\\/#website\",\"url\":\"https:\\\/\\\/tuchance.co\\\/rifa\\\/\",\"name\":\"TuChance.co\",\"description\":\"Vendemos tiquetes para cumplir tus sue\u00f1os\",\"publisher\":{\"@id\":\"https:\\\/\\\/tuchance.co\\\/rifa\\\/#organization\"},\"potentialAction\":[{\"@type\":\"SearchAction\",\"target\":{\"@type\":\"EntryPoint\",\"urlTemplate\":\"https:\\\/\\\/tuchance.co\\\/rifa\\\/?s={search_term_string}\"},\"query-input\":{\"@type\":\"PropertyValueSpecification\",\"valueRequired\":true,\"valueName\":\"search_term_string\"}}],\"inLanguage\":\"es-CO\"},{\"@type\":\"Organization\",\"@id\":\"https:\\\/\\\/tuchance.co\\\/rifa\\\/#organization\",\"name\":\"TuChance.co\",\"url\":\"https:\\\/\\\/tuchance.co\\\/rifa\\\/\",\"logo\":{\"@type\":\"ImageObject\",\"inLanguage\":\"es-CO\",\"@id\":\"https:\\\/\\\/tuchance.co\\\/rifa\\\/#\\\/schema\\\/logo\\\/image\\\/\",\"url\":\"https:\\\/\\\/tuchance.co\\\/rifa\\\/wp-content\\\/uploads\\\/2024\\\/11\\\/cropped-logotuchance.png\",\"contentUrl\":\"https:\\\/\\\/tuchance.co\\\/rifa\\\/wp-content\\\/uploads\\\/2024\\\/11\\\/cropped-logotuchance.png\",\"width\":329,\"height\":107,\"caption\":\"TuChance.co\"},\"image\":{\"@id\":\"https:\\\/\\\/tuchance.co\\\/rifa\\\/#\\\/schema\\\/logo\\\/image\\\/\"},\"publishingPrinciples\":\"https:\\\/\\\/tuchance.co\\\/rifa\\\/privacy-policy\\\/\",\"ownershipFundingInfo\":\"https:\\\/\\\/tuchance.co\\\/rifa\\\/faq\\\/\",\"actionableFeedbackPolicy\":\"https:\\\/\\\/tuchance.co\\\/rifa\\\/privacy-policy\\\/\",\"ethicsPolicy\":\"https:\\\/\\\/tuchance.co\\\/rifa\\\/privacy-policy\\\/\"}]}<\/script>\n<!-- \/ Yoast SEO Premium plugin. -->","yoast_head_json":{"title":"Preguntas Frecuentes - TuChance.co","robots":{"index":"index","follow":"follow","max-snippet":"max-snippet:-1","max-image-preview":"max-image-preview:large","max-video-preview":"max-video-preview:-1"},"canonical":"https:\/\/tuchance.co\/rifa\/faq\/","og_locale":"es_ES","og_type":"article","og_title":"Preguntas Frecuentes","og_description":"Preguntas Frecuentes sobre TuChance.co \u00bfCon cu\u00e1les loter\u00edas se juega en los sorteos?Siempre utilizamos las 14 loter\u00edas principales del pa\u00eds para [&hellip;]","og_url":"https:\/\/tuchance.co\/rifa\/faq\/","og_site_name":"TuChance.co","article_modified_time":"2024-11-16T12:35:37+00:00","og_image":[{"width":512,"height":512,"url":"https:\/\/tuchance.co\/rifa\/wp-content\/uploads\/2024\/11\/cropped-icontuchance2.png","type":"image\/png"}],"twitter_card":"summary_large_image","twitter_misc":{"Tiempo de lectura":"2 minutos"},"schema":{"@context":"https:\/\/schema.org","@graph":[{"@type":"WebPage","@id":"https:\/\/tuchance.co\/rifa\/faq\/","url":"https:\/\/tuchance.co\/rifa\/faq\/","name":"Preguntas Frecuentes - TuChance.co","isPartOf":{"@id":"https:\/\/tuchance.co\/rifa\/#website"},"datePublished":"2024-11-08T23:12:02+00:00","dateModified":"2024-11-16T12:35:37+00:00","breadcrumb":{"@id":"https:\/\/tuchance.co\/rifa\/faq\/#breadcrumb"},"inLanguage":"es-CO","potentialAction":[{"@type":"ReadAction","target":["https:\/\/tuchance.co\/rifa\/faq\/"]}]},{"@type":"BreadcrumbList","@id":"https:\/\/tuchance.co\/rifa\/faq\/#breadcrumb","itemListElement":[{"@type":"ListItem","position":1,"name":"Home","item":"https:\/\/tuchance.co\/rifa\/"},{"@type":"ListItem","position":2,"name":"Preguntas Frecuentes"}]},{"@type":"WebSite","@id":"https:\/\/tuchance.co\/rifa\/#website","url":"https:\/\/tuchance.co\/rifa\/","name":"TuChance.co","description":"Vendemos tiquetes para cumplir tus sue\u00f1os","publisher":{"@id":"https:\/\/tuchance.co\/rifa\/#organization"},"potentialAction":[{"@type":"SearchAction","target":{"@type":"EntryPoint","urlTemplate":"https:\/\/tuchance.co\/rifa\/?s={search_term_string}"},"query-input":{"@type":"PropertyValueSpecification","valueRequired":true,"valueName":"search_term_string"}}],"inLanguage":"es-CO"},{"@type":"Organization","@id":"https:\/\/tuchance.co\/rifa\/#organization","name":"TuChance.co","url":"https:\/\/tuchance.co\/rifa\/","logo":{"@type":"ImageObject","inLanguage":"es-CO","@id":"https:\/\/tuchance.co\/rifa\/#\/schema\/logo\/image\/","url":"https:\/\/tuchance.co\/rifa\/wp-content\/uploads\/2024\/11\/cropped-logotuchance.png","contentUrl":"https:\/\/tuchance.co\/rifa\/wp-content\/uploads\/2024\/11\/cropped-logotuchance.png","width":329,"height":107,"caption":"TuChance.co"},"image":{"@id":"https:\/\/tuchance.co\/rifa\/#\/schema\/logo\/image\/"},"publishingPrinciples":"https:\/\/tuchance.co\/rifa\/privacy-policy\/","ownershipFundingInfo":"https:\/\/tuchance.co\/rifa\/faq\/","actionableFeedbackPolicy":"https:\/\/tuchance.co\/rifa\/privacy-policy\/","ethicsPolicy":"https:\/\/tuchance.co\/rifa\/privacy-policy\/"}]}},"_links":{"self":[{"href":"https:\/\/tuchance.co\/rifa\/wp-json\/wp\/v2\/pages\/437","targetHints":{"allow":["GET"]}}],"collection":[{"href":"https:\/\/tuchance.co\/rifa\/wp-json\/wp\/v2\/pages"}],"about":[{"href":"https:\/\/tuchance.co\/rifa\/wp-json\/wp\/v2\/types\/page"}],"author":[{"embeddable":true,"href":"https:\/\/tuchance.co\/rifa\/wp-json\/wp\/v2\/users\/1"}],"replies":[{"embeddable":true,"href":"https:\/\/tuchance.co\/rifa\/wp-json\/wp\/v2\/comments?post=437"}],"version-history":[{"count":2,"href":"https:\/\/tuchance.co\/rifa\/wp-json\/wp\/v2\/pages\/437\/revisions"}],"predecessor-version":[{"id":483,"href":"https:\/\/tuchance.co\/rifa\/wp-json\/wp\/v2\/pages\/437\/revisions\/483"}],"wp:attachment":[{"href":"https:\/\/tuchance.co\/rifa\/wp-json\/wp\/v2\/media?parent=437"}],"curies":[{"name":"wp","href":"https:\/\/api.w.org\/{rel}","templated":true}]}}